{"id":41,"date":"2024-02-10T11:45:53","date_gmt":"2024-02-10T10:45:53","guid":{"rendered":"https:\/\/www.voyages-laponie-exclusive.com\/?page_id=41"},"modified":"2025-05-18T11:07:47","modified_gmt":"2025-05-18T09:07:47","slug":"voyages-sejours-laponie-finlande-demande-devis","status":"publish","type":"page","link":"https:\/\/www.voyages-laponie-exclusive.com\/index.php\/voyages-sejours-laponie-finlande-demande-devis\/","title":{"rendered":"Voyages s\u00e9jours Laponie Finlande &#8211; Demande de Devis"},"content":{"rendered":"\n<p>Voyages s\u00e9jours Laponie Finlande 2025 2026 Su\u00e8de Norv\u00e8ge tout compris<br>Si vous souhaitez obtenir un devis, merci de bien vouloir remplir le formulaire ci-dessous.<br><\/p>\n\n\n\n<div class=\"wpcf7 no-js\" id=\"wpcf7-f40-o1\" lang=\"fr-FR\" dir=\"ltr\">\n<div class=\"screen-reader-response\"><p role=\"status\" aria-live=\"polite\" aria-atomic=\"true\"><\/p> <ul><\/ul><\/div>\n<form action=\"\/index.php\/wp-json\/wp\/v2\/pages\/41#wpcf7-f40-o1\" method=\"post\" class=\"wpcf7-form init\" aria-label=\"Formulaire de contact\" novalidate=\"novalidate\" data-status=\"init\">\n<div style=\"display: none;\">\n<input type=\"hidden\" name=\"_wpcf7\" value=\"40\" \/>\n<input type=\"hidden\" name=\"_wpcf7_version\" value=\"5.8.7\" \/>\n<input type=\"hidden\" name=\"_wpcf7_locale\" value=\"fr_FR\" \/>\n<input type=\"hidden\" name=\"_wpcf7_unit_tag\" value=\"wpcf7-f40-o1\" \/>\n<input type=\"hidden\" name=\"_wpcf7_container_post\" value=\"0\" \/>\n<input type=\"hidden\" name=\"_wpcf7_posted_data_hash\" value=\"\" \/>\n<\/div>\n<p><label> Dates souhait\u00e9es (obligatoire)<br \/>\n<span class=\"wpcf7-form-control-wrap\" data-name=\"text-567\"><input size=\"40\" class=\"wpcf7-form-control wpcf7-text wpcf7-validates-as-required\" aria-required=\"true\" aria-invalid=\"false\" value=\"\" type=\"text\" name=\"text-567\" \/><\/span> <\/label>\n<\/p>\n<p><label> Nombre d'adultes (obligatoire)<br \/>\n<span class=\"wpcf7-form-control-wrap\" data-name=\"text-570\"><input size=\"40\" class=\"wpcf7-form-control wpcf7-text wpcf7-validates-as-required\" aria-required=\"true\" aria-invalid=\"false\" value=\"\" type=\"text\" name=\"text-570\" \/><\/span> <\/label>\n<\/p>\n<p><label> Nombre d'enfants et ages (obligatoire)<br \/>\n<span class=\"wpcf7-form-control-wrap\" data-name=\"text-571\"><input size=\"40\" class=\"wpcf7-form-control wpcf7-text wpcf7-validates-as-required\" aria-required=\"true\" aria-invalid=\"false\" value=\"\" type=\"text\" name=\"text-571\" \/><\/span> <\/label>\n<\/p>\n<p><label> Votre message<br \/>\n<span class=\"wpcf7-form-control-wrap\" data-name=\"your-message\"><textarea cols=\"40\" rows=\"10\" class=\"wpcf7-form-control wpcf7-textarea\" aria-invalid=\"false\" name=\"your-message\"><\/textarea><\/span> <\/label>\n<\/p>\n<p><label> Votre Pr\u00e9nom (obligatoire)<br \/>\n<span class=\"wpcf7-form-control-wrap\" data-name=\"text-568\"><input size=\"40\" class=\"wpcf7-form-control wpcf7-text wpcf7-validates-as-required\" aria-required=\"true\" aria-invalid=\"false\" value=\"\" type=\"text\" name=\"text-568\" \/><\/span> <\/label>\n<\/p>\n<p><label> Votre Nom (obligatoire)<br \/>\n<span class=\"wpcf7-form-control-wrap\" data-name=\"your-name\"><input size=\"40\" class=\"wpcf7-form-control wpcf7-text wpcf7-validates-as-required\" aria-required=\"true\" aria-invalid=\"false\" value=\"\" type=\"text\" name=\"your-name\" \/><\/span> <\/label>\n<\/p>\n<p><label> Votre t\u00e9l\u00e9phone (obligatoire)<br \/>\n<span class=\"wpcf7-form-control-wrap\" data-name=\"tel-914\"><input size=\"40\" class=\"wpcf7-form-control wpcf7-tel wpcf7-text wpcf7-validates-as-tel\" aria-invalid=\"false\" value=\"\" type=\"tel\" name=\"tel-914\" \/><\/span> <\/label>\n<\/p>\n<p><label> Votre email (obligatoire)<br \/>\n<span class=\"wpcf7-form-control-wrap\" data-name=\"your-email\"><input size=\"40\" class=\"wpcf7-form-control wpcf7-email wpcf7-validates-as-required wpcf7-text wpcf7-validates-as-email\" aria-required=\"true\" aria-invalid=\"false\" value=\"\" type=\"email\" name=\"your-email\" \/><\/span> <\/label>\n<\/p>\n<p><label> Votre code postal et ville (obligatoire)<br \/>\n<span class=\"wpcf7-form-control-wrap\" data-name=\"text-572\"><input size=\"40\" class=\"wpcf7-form-control wpcf7-text wpcf7-validates-as-required\" aria-required=\"true\" aria-invalid=\"false\" value=\"\" type=\"text\" name=\"text-572\" \/><\/span> <\/label>\n<\/p>\n<p><input class=\"wpcf7-form-control wpcf7-submit has-spinner\" type=\"submit\" value=\"Envoyer\" \/>\n<\/p><div class=\"wpcf7-response-output\" aria-hidden=\"true\"><\/div>\n<\/form>\n<\/div>\n\n\n\n\n<p><br><strong>Vous pouvez \u00e9galement demandez votre Devis personnalis\u00e9 par t\u00e9l\u00e9phone au 04 56 66 09 10<br><\/strong><br>Le nombre de places est limit\u00e9, nous vous conseillons de nous contacter et de r\u00e9serv\u00e9 au plus vite !<br>Programmes et tarifs valables au 05\/04\/2025, sous r\u00e9serve de modifications et dans la limite des places disponibles.<\/p>\n","protected":false},"excerpt":{"rendered":"<p>Voyages s\u00e9jours Laponie Finlande 2025 2026 Su\u00e8de Norv\u00e8ge tout comprisSi vous souhaitez obtenir un devis, merci de bien vouloir remplir le formulaire ci-dessous. Vous pouvez \u00e9galement demandez votre Devis personnalis\u00e9 par t\u00e9l\u00e9phone au 04 56 66 09 10Le nombre de places est limit\u00e9, nous vous conseillons de nous contacter et de r\u00e9serv\u00e9 au plus vite&#8230;<\/p>\n","protected":false},"author":1,"featured_media":0,"parent":0,"menu_order":0,"comment_status":"closed","ping_status":"closed","template":"","meta":{"_kad_post_transparent":"","_kad_post_title":"","_kad_post_layout":"","_kad_post_sidebar_id":"","_kad_post_content_style":"","_kad_post_vertical_padding":"","_kad_post_feature":"","_kad_post_feature_position":"","_kad_post_header":false,"_kad_post_footer":false,"footnotes":""},"class_list":["post-41","page","type-page","status-publish","hentry"],"yoast_head":"<!-- This site is optimized with the Yoast SEO plugin v22.0 - https:\/\/yoast.com\/wordpress\/plugins\/seo\/ -->\n<title>Voyages s\u00e9jours Laponie Finlande, Demande de Devis<\/title>\n<meta name=\"description\" content=\"Voyages s\u00e9jours Laponie Finlande, Demande de Devis, voyage s\u00e9jour Laponie Finlande 2025 2026 d\u00e9cembre 2025 janvier f\u00e9vrier mars 2026 Su\u00e8de Norv\u00e8ge tout compris, voyages s\u00e9jours Laponie Finlande, Demande de Devis\" \/>\n<meta name=\"robots\" content=\"index, follow, max-snippet:-1, max-image-preview:large, max-video-preview:-1\" \/>\n<link rel=\"canonical\" href=\"https:\/\/www.voyages-laponie-exclusive.com\/index.php\/voyages-sejours-laponie-finlande-demande-devis\/\" \/>\n<meta property=\"og:locale\" content=\"fr_FR\" \/>\n<meta property=\"og:type\" content=\"article\" \/>\n<meta property=\"og:title\" content=\"Voyages s\u00e9jours Laponie Finlande, Demande de Devis\" \/>\n<meta property=\"og:description\" content=\"Voyages s\u00e9jours Laponie Finlande, Demande de Devis, voyage s\u00e9jour Laponie Finlande 2025 2026 d\u00e9cembre 2025 janvier f\u00e9vrier mars 2026 Su\u00e8de Norv\u00e8ge tout compris, voyages s\u00e9jours Laponie Finlande, Demande de Devis\" \/>\n<meta property=\"og:url\" content=\"https:\/\/www.voyages-laponie-exclusive.com\/index.php\/voyages-sejours-laponie-finlande-demande-devis\/\" \/>\n<meta property=\"og:site_name\" content=\"Voyages Laponie Exclusive\" \/>\n<meta property=\"article:modified_time\" content=\"2025-05-18T09:07:47+00:00\" \/>\n<meta name=\"twitter:card\" content=\"summary_large_image\" \/>\n<meta name=\"twitter:label1\" content=\"Dur\u00e9e de lecture estim\u00e9e\" \/>\n\t<meta name=\"twitter:data1\" content=\"1 minute\" \/>\n<script type=\"application\/ld+json\" class=\"yoast-schema-graph\">{\"@context\":\"https:\/\/schema.org\",\"@graph\":[{\"@type\":\"WebPage\",\"@id\":\"https:\/\/www.voyages-laponie-exclusive.com\/index.php\/voyages-sejours-laponie-finlande-demande-devis\/\",\"url\":\"https:\/\/www.voyages-laponie-exclusive.com\/index.php\/voyages-sejours-laponie-finlande-demande-devis\/\",\"name\":\"Voyages s\u00e9jours Laponie Finlande, Demande de Devis\",\"isPartOf\":{\"@id\":\"https:\/\/www.voyages-laponie-exclusive.com\/#website\"},\"datePublished\":\"2024-02-10T10:45:53+00:00\",\"dateModified\":\"2025-05-18T09:07:47+00:00\",\"description\":\"Voyages s\u00e9jours Laponie Finlande, Demande de Devis, voyage s\u00e9jour Laponie Finlande 2025 2026 d\u00e9cembre 2025 janvier f\u00e9vrier mars 2026 Su\u00e8de Norv\u00e8ge tout compris, voyages s\u00e9jours Laponie Finlande, Demande de Devis\",\"breadcrumb\":{\"@id\":\"https:\/\/www.voyages-laponie-exclusive.com\/index.php\/voyages-sejours-laponie-finlande-demande-devis\/#breadcrumb\"},\"inLanguage\":\"fr-FR\",\"potentialAction\":[{\"@type\":\"ReadAction\",\"target\":[\"https:\/\/www.voyages-laponie-exclusive.com\/index.php\/voyages-sejours-laponie-finlande-demande-devis\/\"]}]},{\"@type\":\"BreadcrumbList\",\"@id\":\"https:\/\/www.voyages-laponie-exclusive.com\/index.php\/voyages-sejours-laponie-finlande-demande-devis\/#breadcrumb\",\"itemListElement\":[{\"@type\":\"ListItem\",\"position\":1,\"name\":\"Accueil\",\"item\":\"https:\/\/www.voyages-laponie-exclusive.com\/\"},{\"@type\":\"ListItem\",\"position\":2,\"name\":\"Voyages s\u00e9jours Laponie Finlande &#8211; Demande de Devis\"}]},{\"@type\":\"WebSite\",\"@id\":\"https:\/\/www.voyages-laponie-exclusive.com\/#website\",\"url\":\"https:\/\/www.voyages-laponie-exclusive.com\/\",\"name\":\"Voyages Laponie Exclusive\",\"description\":\"Magnifiques et F\u00e9\u00e9riques voyages\",\"publisher\":{\"@id\":\"https:\/\/www.voyages-laponie-exclusive.com\/#organization\"},\"potentialAction\":[{\"@type\":\"SearchAction\",\"target\":{\"@type\":\"EntryPoint\",\"urlTemplate\":\"https:\/\/www.voyages-laponie-exclusive.com\/?s={search_term_string}\"},\"query-input\":\"required name=search_term_string\"}],\"inLanguage\":\"fr-FR\"},{\"@type\":\"Organization\",\"@id\":\"https:\/\/www.voyages-laponie-exclusive.com\/#organization\",\"name\":\"Voyages Laponie Exclusive\",\"url\":\"https:\/\/www.voyages-laponie-exclusive.com\/\",\"logo\":{\"@type\":\"ImageObject\",\"inLanguage\":\"fr-FR\",\"@id\":\"https:\/\/www.voyages-laponie-exclusive.com\/#\/schema\/logo\/image\/\",\"url\":\"https:\/\/www.voyages-laponie-exclusive.com\/wp-content\/uploads\/2024\/02\/voyages-laponie-2025-janvier-fevrier-mars-2025-finlande-suede-sejours-tout-compris.jpg\",\"contentUrl\":\"https:\/\/www.voyages-laponie-exclusive.com\/wp-content\/uploads\/2024\/02\/voyages-laponie-2025-janvier-fevrier-mars-2025-finlande-suede-sejours-tout-compris.jpg\",\"width\":815,\"height\":543,\"caption\":\"Voyages Laponie Exclusive\"},\"image\":{\"@id\":\"https:\/\/www.voyages-laponie-exclusive.com\/#\/schema\/logo\/image\/\"}}]}<\/script>\n<!-- \/ Yoast SEO plugin. -->","yoast_head_json":{"title":"Voyages s\u00e9jours Laponie Finlande, Demande de Devis","description":"Voyages s\u00e9jours Laponie Finlande, Demande de Devis, voyage s\u00e9jour Laponie Finlande 2025 2026 d\u00e9cembre 2025 janvier f\u00e9vrier mars 2026 Su\u00e8de Norv\u00e8ge tout compris, voyages s\u00e9jours Laponie Finlande, Demande de Devis","robots":{"index":"index","follow":"follow","max-snippet":"max-snippet:-1","max-image-preview":"max-image-preview:large","max-video-preview":"max-video-preview:-1"},"canonical":"https:\/\/www.voyages-laponie-exclusive.com\/index.php\/voyages-sejours-laponie-finlande-demande-devis\/","og_locale":"fr_FR","og_type":"article","og_title":"Voyages s\u00e9jours Laponie Finlande, Demande de Devis","og_description":"Voyages s\u00e9jours Laponie Finlande, Demande de Devis, voyage s\u00e9jour Laponie Finlande 2025 2026 d\u00e9cembre 2025 janvier f\u00e9vrier mars 2026 Su\u00e8de Norv\u00e8ge tout compris, voyages s\u00e9jours Laponie Finlande, Demande de Devis","og_url":"https:\/\/www.voyages-laponie-exclusive.com\/index.php\/voyages-sejours-laponie-finlande-demande-devis\/","og_site_name":"Voyages Laponie Exclusive","article_modified_time":"2025-05-18T09:07:47+00:00","twitter_card":"summary_large_image","twitter_misc":{"Dur\u00e9e de lecture estim\u00e9e":"1 minute"},"schema":{"@context":"https:\/\/schema.org","@graph":[{"@type":"WebPage","@id":"https:\/\/www.voyages-laponie-exclusive.com\/index.php\/voyages-sejours-laponie-finlande-demande-devis\/","url":"https:\/\/www.voyages-laponie-exclusive.com\/index.php\/voyages-sejours-laponie-finlande-demande-devis\/","name":"Voyages s\u00e9jours Laponie Finlande, Demande de Devis","isPartOf":{"@id":"https:\/\/www.voyages-laponie-exclusive.com\/#website"},"datePublished":"2024-02-10T10:45:53+00:00","dateModified":"2025-05-18T09:07:47+00:00","description":"Voyages s\u00e9jours Laponie Finlande, Demande de Devis, voyage s\u00e9jour Laponie Finlande 2025 2026 d\u00e9cembre 2025 janvier f\u00e9vrier mars 2026 Su\u00e8de Norv\u00e8ge tout compris, voyages s\u00e9jours Laponie Finlande, Demande de Devis","breadcrumb":{"@id":"https:\/\/www.voyages-laponie-exclusive.com\/index.php\/voyages-sejours-laponie-finlande-demande-devis\/#breadcrumb"},"inLanguage":"fr-FR","potentialAction":[{"@type":"ReadAction","target":["https:\/\/www.voyages-laponie-exclusive.com\/index.php\/voyages-sejours-laponie-finlande-demande-devis\/"]}]},{"@type":"BreadcrumbList","@id":"https:\/\/www.voyages-laponie-exclusive.com\/index.php\/voyages-sejours-laponie-finlande-demande-devis\/#breadcrumb","itemListElement":[{"@type":"ListItem","position":1,"name":"Accueil","item":"https:\/\/www.voyages-laponie-exclusive.com\/"},{"@type":"ListItem","position":2,"name":"Voyages s\u00e9jours Laponie Finlande &#8211; Demande de Devis"}]},{"@type":"WebSite","@id":"https:\/\/www.voyages-laponie-exclusive.com\/#website","url":"https:\/\/www.voyages-laponie-exclusive.com\/","name":"Voyages Laponie Exclusive","description":"Magnifiques et F\u00e9\u00e9riques voyages","publisher":{"@id":"https:\/\/www.voyages-laponie-exclusive.com\/#organization"},"potentialAction":[{"@type":"SearchAction","target":{"@type":"EntryPoint","urlTemplate":"https:\/\/www.voyages-laponie-exclusive.com\/?s={search_term_string}"},"query-input":"required name=search_term_string"}],"inLanguage":"fr-FR"},{"@type":"Organization","@id":"https:\/\/www.voyages-laponie-exclusive.com\/#organization","name":"Voyages Laponie Exclusive","url":"https:\/\/www.voyages-laponie-exclusive.com\/","logo":{"@type":"ImageObject","inLanguage":"fr-FR","@id":"https:\/\/www.voyages-laponie-exclusive.com\/#\/schema\/logo\/image\/","url":"https:\/\/www.voyages-laponie-exclusive.com\/wp-content\/uploads\/2024\/02\/voyages-laponie-2025-janvier-fevrier-mars-2025-finlande-suede-sejours-tout-compris.jpg","contentUrl":"https:\/\/www.voyages-laponie-exclusive.com\/wp-content\/uploads\/2024\/02\/voyages-laponie-2025-janvier-fevrier-mars-2025-finlande-suede-sejours-tout-compris.jpg","width":815,"height":543,"caption":"Voyages Laponie Exclusive"},"image":{"@id":"https:\/\/www.voyages-laponie-exclusive.com\/#\/schema\/logo\/image\/"}}]}},"_links":{"self":[{"href":"https:\/\/www.voyages-laponie-exclusive.com\/index.php\/wp-json\/wp\/v2\/pages\/41","targetHints":{"allow":["GET"]}}],"collection":[{"href":"https:\/\/www.voyages-laponie-exclusive.com\/index.php\/wp-json\/wp\/v2\/pages"}],"about":[{"href":"https:\/\/www.voyages-laponie-exclusive.com\/index.php\/wp-json\/wp\/v2\/types\/page"}],"author":[{"embeddable":true,"href":"https:\/\/www.voyages-laponie-exclusive.com\/index.php\/wp-json\/wp\/v2\/users\/1"}],"replies":[{"embeddable":true,"href":"https:\/\/www.voyages-laponie-exclusive.com\/index.php\/wp-json\/wp\/v2\/comments?post=41"}],"version-history":[{"count":4,"href":"https:\/\/www.voyages-laponie-exclusive.com\/index.php\/wp-json\/wp\/v2\/pages\/41\/revisions"}],"predecessor-version":[{"id":152,"href":"https:\/\/www.voyages-laponie-exclusive.com\/index.php\/wp-json\/wp\/v2\/pages\/41\/revisions\/152"}],"wp:attachment":[{"href":"https:\/\/www.voyages-laponie-exclusive.com\/index.php\/wp-json\/wp\/v2\/media?parent=41"}],"curies":[{"name":"wp","href":"https:\/\/api.w.org\/{rel}","templated":true}]}}